(24/(-656)). Let p = -47 + m. Let b(a) = 3*a**2 + 7. What are the prime factors of b(p)?
5, 23
Suppose -70*l - 4*u = -68*l - 60404, 0 = -2*l + u + 60404. What are the prime factors of l?
2, 15101
Suppose -4*m = -5*t - 161, 17 + 58 = 2*m + 3*t. Suppose m*i - 47*i = -3600. List the prime factors of i.
2, 3, 5
Let y(f) = -f + 7. Let n(j) = j**3 + 15*j**2 - 15*j + 26. Let r be n(-16). Let p be y(r). What are the prime factors of -2 - (p + 4 + -239)?
2, 59
Suppose -100 = -5*q - k, -2*k - 85 = -6*q + q. Suppose 0 = 11*j + q + 3. Let r(a) = -18*a**3 + 3*a**2 + 2*a + 2. List the prime factors of r(j).
2, 7, 11
Let z = -348 - -363. What are the prime factors of 756/z*(-2 - -7)?
2, 3, 7
Let x(y) be the first derivative of -59*y**2/2 + 21*y - 43. Let h be x(-8). Suppose -6*b + 683 + h = 0. List the prime factors of b.
2, 7
Suppose 76271*w - 76273*w + 37872 = 0. What are the prime factors of w?
2, 3, 263
Suppose 2*d + 2*n - 10580 = 4*n, n = -3. List the prime factors of d.
17, 311
Suppose -4*g + 78 = -5*r, -10 + 19 = -3*g. Let i(w) = -72*w - 44. List the prime factors of i(r).
2, 313
Suppose 258*l = 263*l - 25, l = 4*y - 126563. List the prime factors of y.
2, 13, 1217
Let u be 41985/(-108) + 3/4. Let b = u - -742. What are the prime factors of b?
2, 3, 59
Let v be 6/(-16) + 1155/(-120). Let x = v + 55. Suppose -z + 28 = -x. What are the prime factors of z?
73
List the prime factors of (-26)/14 + 186/217 - (-2426 + 2).
2423
Let j = 855 + -840. Suppose -4*x = 14*q - j*q + 291, -q - 5*x = -336. List the prime factors of q.
311
Let a(j) = -10*j**2 - 4*j + 6. Let f be a(6). Let v = 36 - f. What are the prime factors of v?
2, 3, 23
Let f(k) = -2*k + 30. Let i be f(4). Suppose i + 8 = 6*u. Suppose u*r = 770 + 285. List the prime factors of r.
211
Suppose 4*d - 28 = -4*v, 0 = -3*v - 4*d + 3*d + 15. Suppose 256 = -v*b - 0. Let r = 349 + b. What are the prime factors of r?
3, 5, 19
Let s(x) = -234*x - 4. Suppose -2*q = -3*q - 1. List the prime factors of s(q).
2, 5, 23
Let m(j) = -3*j**3 + 2*j**2 + 4*j + 2. Let u be m(-1). Suppose 2*q - 6*q - 991 = -3*d, 3*d + u*q = 984. What are the prime factors of d?
7, 47
Let k = -65930 - -151024. List the prime factors of k.
2, 157, 271
Let h = -74 - -261. Let s(q) = -88*q**3 + q**2 + 10*q - 9. Let w be s(1). Let d = w + h. What are the prime factors of d?
101
Let i(r) = -r + 2 + r + 2*r - 3*r. Let l be i(-2). Suppose -l*a + 14 = -38. What are the prime factors of a?
13
What are the prime factors of (-7)/((-7)/18456)*13/((-364)/(-21))?
2, 3, 769
Let r(o) = 2*o**2 + o - 652. List the prime factors of r(-36).
2, 7, 17
Let w(d) = -d**3 + 3*d**2 + 57*d - 57. Let h be w(-35). Suppose -20*t + h = 18*t. What are the prime factors of t?
1171
Let q = -49 - -49. Suppose -3*x + 8*x - 660 = q. Suppose x = -3*n + 6*n. List the prime factors of n.
2, 11
Let n = -135 - -137. Suppose -2*i - 4 = -n, 5*s - 3*i - 118 = 0. List the prime factors of s.
23
Let s(w) = 10*w**3 + 4*w**2 + 41*w + 19. Let v(y) = 2*y**3 + y. Let d(j) = -s(j) + 6*v(j). What are the prime factors of d(8)?
7, 67
Let z = 6350 - -3842. List the prime factors of z.
2, 7, 13
What are the prime factors of (-455)/(-65) + (43989/6 - 3)*4?
109, 269
Let w(p) be the second derivative of -2/3*p**4 + 0 + 15/2*p**2 - 1/20*p**5 - 1/2*p**3 - 19*p. List the prime factors of w(-8).
3, 13
Suppose -4*t - 2*v = t - 20, -t = 4*v - 4. Suppose 4*s - 260 = -t*z, -4*s - 77 = -5*s - 5*z. Let k = 190 - s. List the prime factors of k.
2
Let s be (-1)/(-2) + (6648/16 - -6). Let f = 147 + -320. Let d = s + f. What are the prime factors of d?
3, 83
List the prime factors of ((-47)/2 + 6)*165540/(-217).
2, 3, 5, 89
Let y(s) = s**3 - 9*s**2 + 8*s + 5. Suppose -2*v - 6 = -k, -k + 5*v = 4*k - 35. Let f be y(k). Suppose 97 = -f*d + 332. List the prime factors of d.
47
Let j = 297 + -299. What are the prime factors of 11 - 10 - ((-4 - j) + -631)?
2, 317
Let m(p) = -722*p**3 - p**2 - p - 1. Let s be (1 + -1)/3 + -1. List the prime factors of m(s).
7, 103
Suppose 11*k - 7*k = -5*a - 25, -k + 4*a - 1 = 0. Let l = k + 213. What are the prime factors of l?
2, 13
Suppose 8*g = -39 - 121. Let s be 1/((-84)/g - 4). Suppose 212 = -s*j + 9*j. What are the prime factors of j?
53
Suppose -100 = -2*y - h + 1570, 3*h - 2502 = -3*y. Let s = y + -496. List the prime factors of s.
2, 5, 17
Let f(k) = -k - 1. Let c(u) = u**3 - u**2 - 4*u - 1179. Let j(l) = -c(l) - 2*f(l). List the prime factors of j(0).
1181
Let m(j) = -45*j + 47. Suppose 10*s = 104 - 184. What are the prime factors of m(s)?
11, 37
Let h be 1428/10 + 17/85. Let o be (0 - -2) + (-1 - h). Let v = -45 - o. List the prime factors of v.
97
Suppose 102*r + 212437 = 5409337. What are the prime factors of r?
2, 5, 1019
Let x = 4083 - 2812. Suppose 3*d - x = -v, v + 32*d = 28*d + 1269. List the prime factors of v.
1277
Let j = -14 - -16. Suppose -j*y + 3*l = -232, -4*l = -2*y + l + 232. Suppose 0 = -3*b + y + 130. What are the prime factors of b?
2, 41
Let q(r) = 4*r - 68. Let g be q(19). Let x be ((-80)/(-45))/g + 115/9. Suppose -1150 + 97 = -x*w. List the prime factors of w.
3
Let d = 5712 + -3936. Suppose -15*j = -19*j + 4*h + d, 0 = 5*j + 3*h - 2180. What are the prime factors of j?
439
Let h(u) be the second derivative of -u**4/4 + 5*u**3/3 - 10*u**2 + 7*u. Let o be h(6). Let p = 110 + o. What are the prime factors of p?
2, 3, 7
Let a = 52 + -64. List the prime factors of 6/a*(-7 - -3) - -428.
2, 5, 43
What are the prime factors of -8*(-9)/54*645810/44?
2, 5, 19, 103
Let q(s) = -46*s**2 - 2*s - 1. Let o be q(-1). Let r = o + 51. Suppose 0 = -2*y - r + 38. What are the prime factors of y?
2
Suppose 0 = -5*j + 40. Let x(r) = 6*r - 15. Let p be x(j). Suppose 2*k - p = 11. List the prime factors of k.
2, 11
Let u = 3063 + 1217. Suppose 0 = 11*t - t - u. List the prime factors of t.
2, 107
Suppose -16*f - 28289 + 87281 = 0. Suppose -f + 123 = -18*g. What are the prime factors of g?
2, 3, 11
Let r = -559 - -343. Let y = r - -467. What are the prime factors of y?
251
Let s(h) = 1343*h - 1339*h - 6*h**2 + 12 - 3*h**3 + 6 + 7. List the prime factors of s(-6).
433
What are the prime factors of (-150)/36*3*-36?
2, 3, 5
Suppose 4*b = -2*b. Let s(j) = -j**3 - 2*j**2 - 139. Let d be s(b). Let c = 1 - d. List the prime factors of c.
2, 5, 7
Suppose 0 = n + 4*n + 5. Let v be (24/84)/((-4)/14). What are the prime factors of 13 + 0 - v/n?
2, 3
Let p be (-4)/(-1) - ((4 - (1 - -1)) + -5). Let j be 3*-14*(1 - 0). List the prime factors of 1062/8 - (j/(-8))/p.
2, 3, 11
Suppose -6*d = 4 - 34. Suppose 0 = -5*j + 5*b + 3140, 0*j - 5*j - d*b + 3120 = 0. List the prime factors of j.
2, 313
Let v be (-12)/(-9)*1*390/(-4). Let g = -88 - v. Suppose 0 + g = w. List the prime factors of w.
2, 3, 7
Suppose 2*k = t + 105 - 36, k - 5*t = 12. Suppose -8*i - k = 3. What are the prime factors of (i/15)/((-1)/12)?
2
Suppose 0 = -u + 2*n + 752 - 143, 1838 = 3*u + 5*n. What are the prime factors of u?
13, 47
What are the prime factors of (-4)/(-14) + ((-791307)/(-77) - 11)?
2, 3, 29, 59
Let g(s) = -20*s**3 + 87*s**2 + 871*s - 1. What are the prime factors of g(-10)?
3, 2221
Let v(i) = -i**3 + 24*i**2 - 26*i + 0 - 9 - 14 + 3*i**3. What are the prime factors of v(-12)?
17
Let n = -32901 + 54036. What are the prime factors of n?
3, 5, 1409
Suppose -4*p = -14*p - 2300. What are the prime factors of (-288)/90*p/4?
2, 23
Let i(s) = -5*s**2 + s - 15. Let z be (3 + 1)*1/(-4)*2. Let r(v) = v**2 + 4. Let b(a) = z*i(a) - 9*r(a). List the prime factors of b(9).
3, 19
Let c be (0 - 21)/(-3) - 4. What are the prime factors of 300 + c + 1 + -10?
2, 3, 7
Suppose 0 = 2516*v - 2521*v + 2270. What are the prime factors of v?
2, 227
Suppose -33*x + 264746 = -14*x. List the prime factors of x.
2, 6967
Let f be (16/(-40))/((2/(-895))/1). Suppose 4*y = 3*n + 76 + f, 0 = -5*y + n + 305. List the prime factors of y.
2, 3, 5
Let h = 17 + -15. Let x be 80*(-5)/(-190) - (-4)/(-38). Suppose 3*b - x*b = 3*z - 105, -3*z + 102 = -h*b. What are the prime factors of z?
2, 3
Let p(s) be the first derivative of -11*s**2/2 + 7*s + 717. Suppose -1 = -y - 3. What are the prime factors of p(y)?
29
Let b be (39/(-6))/((-12625)/(-4210) - 3). Suppose b = 6*s - 5645. List the prime factors of s.
17, 109
Suppose -8*i = -2*i - 120. Let s be 368